{"id":2932,"date":"2018-10-21T13:31:35","date_gmt":"2018-10-21T13:31:35","guid":{"rendered":"http:\/\/chprinc.com\/?page_id=2932"},"modified":"2018-10-22T02:12:56","modified_gmt":"2018-10-22T02:12:56","slug":"hip-6-presenter","status":"publish","type":"page","link":"https:\/\/chprinc.com\/index.php\/hip-6-presenter\/","title":{"rendered":"HIP 6 \/ PRESENTER"},"content":{"rendered":"<\/div><\/div><\/div><!-- close content main div --><\/div><\/div><div id='sub_menu1' class='av-submenu-container main_color  container_wrap fullsize'   style='z-index:301'><div class='container av-menu-mobile-disabled '><ul id='av-custom-submenu-1' class='av-subnav-menu av-submenu-pos-center'>\n<li class='menu-item menu-item-top-level  menu-item-top-level-1'><a href='http:\/\/chprinc.com\/index.php\/hip-1-grit\/'  target=\"_blank\" ><span class='avia-bullet'><\/span><span class='avia-menu-text'>HIP 1<\/span><\/a><\/li>\n<li class='menu-item menu-item-top-level  menu-item-top-level-2'><a href='http:\/\/chprinc.com\/index.php\/hip-2-indian-school\/'  target=\"_blank\" ><span class='avia-bullet'><\/span><span class='avia-menu-text'>HIP 2<\/span><\/a><\/li>\n<li class='menu-item menu-item-top-level  menu-item-top-level-3'><a href='http:\/\/chprinc.com\/index.php\/hip-3-issue-a-warrant\/'  target=\"_blank\" ><span class='avia-bullet'><\/span><span class='avia-menu-text'>HIP 3<\/span><\/a><\/li>\n<li class='menu-item menu-item-top-level  menu-item-top-level-4'><a href='http:\/\/chprinc.com\/index.php\/hip-4-amparito\/'  target=\"_blank\" ><span class='avia-bullet'><\/span><span class='avia-menu-text'>HIP 4<\/span><\/a><\/li>\n<li class='menu-item menu-item-top-level  menu-item-top-level-5'><a href='http:\/\/chprinc.com\/index.php\/hip-5-golda\/'  target=\"_blank\" ><span class='avia-bullet'><\/span><span class='avia-menu-text'>HIP 5<\/span><\/a><\/li>\n<li class='menu-item menu-item-top-level av-menu-button av-menu-button-colored menu-item-top-level-6'><a href='http:\/\/chprinc.com\/index.php\/hip-6-presenter\/'  target=\"_blank\" ><span class='avia-bullet'><\/span><span class='avia-menu-text'>HIP 6<\/span><\/a><\/li>\n<li class='menu-item menu-item-top-level  menu-item-top-level-7'><a href='http:\/\/chprinc.com\/index.php\/hip-7-coveralls\/' ><span class='avia-bullet'><\/span><span class='avia-menu-text'>HIP 7<\/span><\/a><\/li>\n<li class='menu-item menu-item-top-level  menu-item-top-level-8'><a href='http:\/\/chprinc.com\/index.php\/hip-8-lady-of-shady-lane\/'  target=\"_blank\" ><span class='avia-bullet'><\/span><span class='avia-menu-text'>HIP 8<\/span><\/a><\/li>\n<li class='menu-item menu-item-top-level  menu-item-top-level-9'><a href='http:\/\/chprinc.com\/index.php\/hip-9-changing-leads-2\/'  target=\"_blank\" ><span class='avia-bullet'><\/span><span class='avia-menu-text'>HIP 9<\/span><\/a><\/li>\n<li class='menu-item menu-item-top-level  menu-item-top-level-10'><a href='http:\/\/chprinc.com\/index.php\/hip-10-un-paso-alante\/'  target=\"_blank\" ><span class='avia-bullet'><\/span><span class='avia-menu-text'>HIP 10<\/span><\/a><\/li>\n<li class='menu-item menu-item-top-level  menu-item-top-level-11'><a href='http:\/\/chprinc.com\/index.php\/hip-11-anita-g\/'  target=\"_blank\" ><span class='avia-bullet'><\/span><span class='avia-menu-text'>HIP 11<\/span><\/a><\/li>\n<li class='menu-item menu-item-top-level  menu-item-top-level-12'><a href='http:\/\/chprinc.com\/index.php\/hip-12-pair-pair-tie\/'  target=\"_blank\" ><span class='avia-bullet'><\/span><span class='avia-menu-text'>HIP 12<\/span><\/a><\/li>\n<li class='menu-item menu-item-top-level  menu-item-top-level-13'><a href='http:\/\/chprinc.com\/index.php\/hip-13-gran-identidad\/'  target=\"_blank\" ><span class='avia-bullet'><\/span><span class='avia-menu-text'>HIP 13<\/span><\/a><\/li>\n<li class='menu-item menu-item-top-level  menu-item-top-level-14'><a href='http:\/\/chprinc.com\/index.php\/hip-14-porte-cochere\/'  target=\"_blank\" ><span class='avia-bullet'><\/span><span class='avia-menu-text'>HIP 14<\/span><\/a><\/li>\n<li class='menu-item menu-item-top-level  menu-item-top-level-15'><a href='http:\/\/chprinc.com\/index.php\/hip-15-san-cristo\/'  target=\"_blank\" ><span class='avia-bullet'><\/span><span class='avia-menu-text'>HIP 15<\/span><\/a><\/li>\n<li class='menu-item menu-item-top-level  menu-item-top-level-16'><a href='http:\/\/chprinc.com\/index.php\/hip-16-beauziggity\/'  target=\"_blank\" ><span class='avia-bullet'><\/span><span class='avia-menu-text'>HIP 16<\/span><\/a><\/li>\n<li class='menu-item menu-item-top-level  menu-item-top-level-17'><a href='http:\/\/chprinc.com\/index.php\/hip-17-play-me-now\/'  target=\"_blank\" ><span class='avia-bullet'><\/span><span class='avia-menu-text'>HIP 17<\/span><\/a><\/li>\n<li class='menu-item menu-item-top-level  menu-item-top-level-18'><a href='http:\/\/chprinc.com\/index.php\/hip-18-mcfly\/'  target=\"_blank\" ><span class='avia-bullet'><\/span><span class='avia-menu-text'>HIP 18<\/span><\/a><\/li>\n<li class='menu-item menu-item-top-level  menu-item-top-level-19'><a href='http:\/\/chprinc.com\/index.php\/hip-19-bun-bun\/'  target=\"_blank\" ><span class='avia-bullet'><\/span><span class='avia-menu-text'>HIP 19<\/span><\/a><\/li>\n<li class='menu-item menu-item-top-level  menu-item-top-level-20'><a href='http:\/\/chprinc.com\/index.php\/hip-20-supah-czech\/'  target=\"_blank\" ><span class='avia-bullet'><\/span><span class='avia-menu-text'>HIP 20<\/span><\/a><\/li>\n<li class='menu-item menu-item-top-level  menu-item-top-level-21'><a href='http:\/\/chprinc.com\/index.php\/hip-21-ghostly-games\/'  target=\"_blank\" ><span class='avia-bullet'><\/span><span class='avia-menu-text'>HIP 21<\/span><\/a><\/li>\n<li class='menu-item menu-item-top-level  menu-item-top-level-22'><a href='http:\/\/chprinc.com\/index.php\/hip-22-a-square-to-spare\/'  target=\"_blank\" ><span class='avia-bullet'><\/span><span class='avia-menu-text'>HIP 22<\/span><\/a><\/li>\n<li class='menu-item menu-item-top-level  menu-item-top-level-23'><a href='http:\/\/chprinc.com\/index.php\/hip-23-shes-lovely\/'  target=\"_blank\" ><span class='avia-bullet'><\/span><span class='avia-menu-text'>HIP 23<\/span><\/a><\/li>\n<li class='menu-item menu-item-top-level  menu-item-top-level-24'><a href='http:\/\/chprinc.com\/index.php\/hip-24-sunshineinmypocket\/'  target=\"_blank\" ><span class='avia-bullet'><\/span><span class='avia-menu-text'>HIP 24<\/span><\/a><\/li>\n<li class='menu-item menu-item-top-level  menu-item-top-level-25'><a href='http:\/\/chprinc.com\/index.php\/hip-25-scorpion-dancer\/'  target=\"_blank\" ><span class='avia-bullet'><\/span><span class='avia-menu-text'>HIP 25<\/span><\/a><\/li>\n<li class='menu-item menu-item-top-level  menu-item-top-level-26'><a href='http:\/\/chprinc.com\/index.php\/hip-26-virtue-and-vice\/'  target=\"_blank\" ><span class='avia-bullet'><\/span><span class='avia-menu-text'>HIP 26<\/span><\/a><\/li>\n<li class='menu-item menu-item-top-level  menu-item-top-level-27'><a href='http:\/\/chprinc.com\/index.php\/hip-27-college-holly\/'  target=\"_blank\" ><span class='avia-bullet'><\/span><span class='avia-menu-text'>HIP 27<\/span><\/a><\/li>\n<li class='menu-item menu-item-top-level  menu-item-top-level-28'><a href='http:\/\/chprinc.com\/index.php\/hip-28-dreaming-of-jc\/'  target=\"_blank\" ><span class='avia-bullet'><\/span><span class='avia-menu-text'>HIP 28<\/span><\/a><\/li>\n<li class='menu-item menu-item-top-level  menu-item-top-level-29'><a href='http:\/\/chprinc.com\/index.php\/hip-29-antonio-hansby\/'  target=\"_blank\" ><span class='avia-bullet'><\/span><span class='avia-menu-text'>HIP 29<\/span><\/a><\/li>\n<li class='menu-item menu-item-top-level  menu-item-top-level-30'><a href='http:\/\/chprinc.com\/index.php\/hip-30-my-mini-queen\/'  target=\"_blank\" ><span class='avia-bullet'><\/span><span class='avia-menu-text'>HIP 30<\/span><\/a><\/li>\n<li class='menu-item menu-item-top-level  menu-item-top-level-31'><a href='http:\/\/chprinc.com\/index.php\/hip-31-celandine\/'  target=\"_blank\" ><span class='avia-bullet'><\/span><span class='avia-menu-text'>HIP 31<\/span><\/a><\/li>\n<li class='menu-item menu-item-top-level  menu-item-top-level-32'><a href='http:\/\/chprinc.com\/index.php\/hip-32-secret-wager\/'  target=\"_blank\" ><span class='avia-bullet'><\/span><span class='avia-menu-text'>HIP 32<\/span><\/a><\/li>\n<\/ul><\/div><\/div>\n<div class=\"flex_column av_one_half  flex_column_div av-zero-column-padding first  \" style='border-radius:0px; '><p><div style='padding-bottom:10px;color:#af3f3f;' class='av-special-heading av-special-heading-h1 custom-color-heading   '><h1 class='av-special-heading-tag'  itemprop=\"headline\"  >HIP 6<\/h1><div class='special-heading-border'><div class='special-heading-inner-border' style='border-color:#af3f3f'><\/div><\/div><\/div><br \/>\n<div style='padding-bottom:0px;color:#af3a3a;font-size:80px;' class='av-special-heading av-special-heading-h1 custom-color-heading blockquote modern-quote modern-centered   av-inherit-size'><h1 class='av-special-heading-tag'  itemprop=\"headline\"  >PRESENTER<\/h1><div class ='av-subheading av-subheading_below av_custom_color' style='font-size:30px;'><p>3-H. \/ EMCEE &#8211; CONTROL ISSUE<\/p>\n<\/div><div class='special-heading-border'><div class='special-heading-inner-border' style='border-color:#af3a3a'><\/div><\/div><\/div><br \/>\n<div  class='hr hr-default '><span class='hr-inner ' ><span class='hr-inner-style'><\/span><\/span><\/div><br \/>\n<div class='avia-button-wrap avia-button-center '><a href='http:\/\/chprinc.com\/wp-content\/uploads\/PRESENTER.pdf' class='avia-button avia-button-fullwidth  avia-icon_select-yes-left-icon avia-color-theme-color '  target=\"_blank\"  style='color:#ffffff; ' ><span class='avia_button_icon avia_button_icon_left ' aria-hidden='true' data-av_icon='\ue84b' data-av_iconfont='entypo-fontello'><\/span><span class='avia_iconbox_title' >PASADAS ACTUACIONES<\/span><span class='avia_button_background avia-button avia-button-fullwidth avia-color-grey' ><\/span><\/a><\/div><br \/>\n<div style='height:50px' class='hr hr-invisible '><span class='hr-inner ' ><span class='hr-inner-style'><\/span><\/span><\/div><br \/>\n<div style='color:#c13e2a' class=\"avia-animated-number av-force-default-color avia-color-font-custom  avia_animate_when_visible\" style='color:#c13e2a'><strong class=\"heading avia-animated-number-title\" style='font-size:38px'><span class='avia-animated-number-icon av-icon-before-number av-icon-char' aria-hidden='true' data-av_icon='\uf13b' data-av_iconfont='flaticon-sports'><\/span><span class=\"avia-single-number __av-single-number\" data-number=\"8\">8<\/span><span class=\"avia-no-number\"> \/ <\/span><span class=\"avia-single-number __av-single-number\" data-number=\"4\">4<\/span><span class=\"avia-no-number\">, <\/span><span class=\"avia-single-number __av-single-number\" data-number=\"1\">1<\/span><span class=\"avia-no-number\">, <\/span><span class=\"avia-single-number __av-single-number\" data-number=\"1\">1<\/span><\/strong><div class='avia-animated-number-content' style='font-size:12px'><p>STARTS \/ WIN , PLACE, SHOW<\/p>\n<\/div><\/div><br \/>\n<div  class='hr hr-default '><span class='hr-inner ' ><span class='hr-inner-style'><\/span><\/span><\/div><br \/>\n<div style='color:#c13e2a' class=\"avia-animated-number av-force-default-color avia-color-font-custom  avia_animate_when_visible\" style='color:#c13e2a'><strong class=\"heading avia-animated-number-title\" style='font-size:38px'><span class='avia-animated-number-icon av-icon-before-number av-icon-char' aria-hidden='true' data-av_icon='\ue85b' data-av_iconfont='entypo-fontello'><\/span><span class=\"avia-single-number __av-single-number\" data-number=\"10\">10<\/span><span class=\"avia-no-number\">\/<\/span><span class=\"avia-single-number __av-single-number\" data-number=\"08\">08<\/span><span class=\"avia-no-number\">\/<\/span><span class=\"avia-single-number __av-single-number\" data-number=\"2018\">2018<\/span><span class=\"avia-no-number\"> - <\/span><span class=\"avia-single-number __av-single-number\" data-number=\"6\">6<\/span><span class=\"avia-no-number\">TH<\/span><\/strong><div class='avia-animated-number-content' style='font-size:12px'><p>FECHA CARRERA M\u00c1S RECIENTE &#8211; POSICION<\/p>\n<\/div><\/div><br \/>\n<div  class='hr hr-default '><span class='hr-inner ' ><span class='hr-inner-style'><\/span><\/span><\/div><br \/>\n<div style='color:#c13e2a' class=\"avia-animated-number av-force-default-color avia-color-font-custom  avia_animate_when_visible\" style='color:#c13e2a'><strong class=\"heading avia-animated-number-title\" style='font-size:38px'><span class='avia-animated-number-icon av-icon-before-number av-icon-char' aria-hidden='true' data-av_icon='\ue8de' data-av_iconfont='entypo-fontello'><\/span><span class=\"avia-single-number __av-single-number\" data-number=\"72\">72<\/span><\/strong><div class='avia-animated-number-content' style='font-size:12px'><p>MAX SPEED RATING<\/p>\n<\/div><\/div><br \/>\n<div  class='hr hr-default '><span class='hr-inner ' ><span class='hr-inner-style'><\/span><\/span><\/div><br \/>\n<div style='color:#c13e2a' class=\"avia-animated-number av-force-default-color avia-color-font-custom  avia_animate_when_visible\" style='color:#c13e2a'><strong class=\"heading avia-animated-number-title\" style='font-size:38px'><span class='avia-animated-number-icon av-icon-before-number av-icon-char' aria-hidden='true' data-av_icon='\ue8a8' data-av_iconfont='entypo-fontello'><\/span><span class=\"avia-no-number\">$<\/span><span class=\"avia-single-number __av-single-number\" data-number=\"46\">46<\/span><span class=\"avia-no-number\">,<\/span><span class=\"avia-single-number __av-single-number\" data-number=\"295\">295<\/span><\/strong><div class='avia-animated-number-content' style='font-size:12px'><p>GANANCIAS<\/p>\n<\/div><\/div><br \/>\n<div  class='hr hr-default '><span class='hr-inner ' ><span class='hr-inner-style'><\/span><\/span><\/div><br \/>\n<div style='color:#c13e2a' class=\"avia-animated-number av-force-default-color avia-color-font-custom  avia_animate_when_visible\" style='color:#c13e2a'><strong class=\"heading avia-animated-number-title\" style='font-size:38px'><span class='avia-animated-number-icon av-icon-before-number av-icon-char' aria-hidden='true' data-av_icon='\ue8c6' data-av_iconfont='entypo-fontello'><\/span><span class=\"avia-no-number\">Clm <\/span><span class=\"avia-single-number __av-single-number\" data-number=\"15000\">15000<\/span><span class=\"avia-no-number\"> <\/span><\/strong><div class='avia-animated-number-content' style='font-size:12px'><p>RECLAMO M\u00c1S ALTO Q GAN\u00d3 o FIGUR\u00d3<\/p>\n<\/div><\/div><\/p><\/div>\n<div class=\"flex_column av_one_half  flex_column_div av-zero-column-padding   \" style='border-radius:0px; '><p><div  class='avia-video avia-video-16-9  '  itemprop=\"video\" itemtype=\"https:\/\/schema.org\/VideoObject\" ><div class='avia-iframe-wrap'><iframe width=\"1500\" height=\"844\" src=\"https:\/\/www.youtube.com\/embed\/M8rsQQyrvoE?feature=oembed\" frameborder=\"0\" allow=\"autoplay; encrypted-media\" allowfullscreen><\/iframe><\/div><\/div><br \/>\n<div  class='hr hr-default '><span class='hr-inner ' ><span class='hr-inner-style'><\/span><\/span><\/div><br \/>\n<div  class='avia-video avia-video-16-9  '  itemprop=\"video\" itemtype=\"https:\/\/schema.org\/VideoObject\" ><div class='avia-iframe-wrap'><iframe width=\"1500\" height=\"844\" src=\"https:\/\/www.youtube.com\/embed\/IyPonqd8AVU?feature=oembed\" frameborder=\"0\" allow=\"autoplay; encrypted-media\" allowfullscreen><\/iframe><\/div><\/div><br \/>\n<div  class='hr hr-default '><span class='hr-inner ' ><span class='hr-inner-style'><\/span><\/span><\/div><br \/>\n<div  class='avia-video avia-video-16-9  '  itemprop=\"video\" itemtype=\"https:\/\/schema.org\/VideoObject\" ><div class='avia-iframe-wrap'><iframe width=\"1500\" height=\"844\" src=\"https:\/\/www.youtube.com\/embed\/3d1gtSQCt1E?feature=oembed\" frameborder=\"0\" allow=\"autoplay; encrypted-media\" allowfullscreen><\/iframe><\/div><\/div><\/p><\/div>\n","protected":false},"excerpt":{"rendered":"","protected":false},"author":1,"featured_media":0,"parent":0,"menu_order":0,"comment_status":"closed","ping_status":"closed","template":"","meta":{"footnotes":""},"_links":{"self":[{"href":"https:\/\/chprinc.com\/index.php\/wp-json\/wp\/v2\/pages\/2932"}],"collection":[{"href":"https:\/\/chprinc.com\/index.php\/wp-json\/wp\/v2\/pages"}],"about":[{"href":"https:\/\/chprinc.com\/index.php\/wp-json\/wp\/v2\/types\/page"}],"author":[{"embeddable":true,"href":"https:\/\/chprinc.com\/index.php\/wp-json\/wp\/v2\/users\/1"}],"replies":[{"embeddable":true,"href":"https:\/\/chprinc.com\/index.php\/wp-json\/wp\/v2\/comments?post=2932"}],"version-history":[{"count":9,"href":"https:\/\/chprinc.com\/index.php\/wp-json\/wp\/v2\/pages\/2932\/revisions"}],"predecessor-version":[{"id":3519,"href":"https:\/\/chprinc.com\/index.php\/wp-json\/wp\/v2\/pages\/2932\/revisions\/3519"}],"wp:attachment":[{"href":"https:\/\/chprinc.com\/index.php\/wp-json\/wp\/v2\/media?parent=2932"}],"curies":[{"name":"wp","href":"https:\/\/api.w.org\/{rel}","templated":true}]}}